**3 + 18*k**2 - 16*k - 6. Let t be y(17). List the prime factors of (-3360)/(-88) + (-2)/t.
2, 19
Suppose -3*v = -r + 2*v + 128, 4*r - 563 = 3*v. Let h = 70 + r. What are the prime factors of h?
3, 71
Let a = 14 + -9. Suppose -a*j = -2*j. Suppose 0 = -4*y - 5*i + 43, 2*y + j*i = -5*i + 29. What are the prime factors of y?
7
Suppose 5*j + 0*q = 3*q + 1419, -q + 2 = 0. Suppose -5*k + 265 = -j. Suppose -102 = -4*p + k. List the prime factors of p.
53
Let d(n) = 4*n + 10. Let i be d(5). Suppose 2*l - i = 390. Let m = -146 + l. List the prime factors of m.
2
Suppose -38 = -6*t + 202. List the prime factors of t.
2, 5
Suppose -33 = -10*u + 37. Let l(r) = r**3 - 6*r**2 - 1. What are the prime factors of l(u)?
2, 3
Let z(n) = n**3 + 6*n**2 + 9*n + 8. Let d be z(-4). Suppose d*g - 2*g - 21 = -3*j, -110 = -5*g + 4*j. What are the prime factors of g?
2, 3
Suppose -40 = j - 2*j. Let k be 3 - (-1 - j) - -2. Suppose -2*b - 2*b + 5*n = -169, -b + k = -2*n. List the prime factors of b.
2, 3
Let s(f) = 175*f**2 + 59*f + 226. What are the prime factors of s(-5)?
2, 2153
Let u(i) = -10*i**3 + 5*i**2 + 1. Let k(n) = n**3 - n**2. Let h(z) = -5*k(z) - u(z). Let j be h(1). What are the prime factors of (2 + 4)*14/j?
3, 7
Let x(n) = -9*n - 2. Let u be x(-4). Let z(p) = -24*p + 47. Let f be z(2). Let b = f + u. List the prime factors of b.
3, 11
Let j(g) = 4*g**2 + 8*g + 1. What are the prime factors of j(-9)?
11, 23
Let h be (8/(-6))/(((-69)/72)/23). What are the prime factors of (-71)/(-3 + h/12)?
3, 71
Let g(m) = -m**3 - 4*m**2 + 5*m - 6. Let s be (3 - 4) + 4*-1. Let f be g(s). List the prime factors of (-112)/f - (-4)/(-6).
2, 3
Let q be (7 - 8) + (-6 + -1)*-1. Suppose -u - i + 8 = 0, 17 + 31 = 5*u - 3*i. Suppose 123 = u*x - q*x. What are the prime factors of x?
41
Let k(m) = m**2 - 11*m + 2. Let s be k(11). Suppose b - 49 = -p - s*b, -5*b = -5*p + 165. List the prime factors of p.
37
Let d(y) = y**3 + 12*y**2 - 13*y + 2. Let q be d(-13). List the prime factors of (-3)/q*180/(-27).
2, 5
Suppose 3*x - 75 = 60. Let f = 88 - x. List the prime factors of f.
43
Let x be (-380)/(-24) - (-2)/12. Let c(l) = l**3 + 6*l + 0*l - 12*l**2 + 4*l + x. What are the prime factors of c(11)?
5
Suppose 0 = -3*u - 4*r + 1196, 8*u - 1970 = 3*u - 2*r. Suppose 5 = -v, -b - v = -4*b + u. What are the prime factors of b?
3, 43
Let x = -274 + 802. List the prime factors of x.
2, 3, 11
Let s = 64 + -8. Suppose 11*w + 138 = -82. Let o = s + w. What are the prime factors of o?
2, 3
Suppose 0 = 4*l - a + 6*a - 2880, l + 4*a = 720. What are the prime factors of l?
2, 3, 5
Suppose 16*n - 561 = 1519. What are the prime factors of n?
2, 5, 13
Let l be 42/(-8)*(7 + -3). What are the prime factors of (-10971)/(-63) + 3/l?
2, 3, 29
Let g be 4 + 0 - 3/(-1). Let h(m) = 2*m + g - 2*m + 5*m + m. What are the prime factors of h(3)?
5
Let k = 108 - -51. What are the prime factors of k?
3, 53
Let s be 7/(-35) + 62/10. Suppose -5*g + 36 = 3*q, -4*q + 7*q - 5*g = s. Suppose -q*k = -10*k + 57. What are the prime factors of k?
19
Suppose -4*o + v + 4 = -3*v, -2*o + 7 = -v. Suppose o*b - b = 280. List the prime factors of b.
2, 7
Let d = 70 - 57. Suppose 0 = d*c - 15*c + 144. List the prime factors of c.
2, 3
Let q(n) = -8*n**3 - n**2 + 5*n - 1. What are the prime factors of q(-3)?
191
Suppose 9*k + 33*k = 120792. What are the prime factors of k?
2, 719
Let z(o) = 219*o**2 + o. List the prime factors of z(1).
2, 5, 11
Let z be 3/(45/(-6)) + (-56)/35. Let y(p) = -15*p**3 + 3*p**2 + p + 1. List the prime factors of y(z).
131
Suppose 3*f - 2*f - 2*j - 9 = 0, -5*f = 5*j - 90. Let u = f + -11. Suppose -u*q + 96 = -q. List the prime factors of q.
2
Let j(d) = d + 1. Let t be j(-2). What are the prime factors of (-10 - t)/((-1)/6)?
2, 3
Let d(p) = p**2 + 11*p + 8. Let z be d(-11). Suppose 3*f - z = 7*f. List the prime factors of -15*(80/(-15) - f).
2, 5
Let y(a) be the first derivative of 52*a**3/3 - 3*a**2/2 - 3*a - 186. Let j be 1 - 2 - -2 - 2. What are the prime factors of y(j)?
2, 13
Suppose 5*y - 6*y = 6. Let f be 8/y*9/(-6). Suppose -8 = -2*x - f. List the prime factors of x.
3
Suppose 0 = -v - 5 + 8. Suppose v - 55 = -c. List the prime factors of c.
2, 13
Let v(w) = 204*w + 428. What are the prime factors of v(8)?
2, 5, 103
Suppose 160 - 3 = j - 4*l, 4*j + 2*l - 610 = 0. What are the prime factors of j?
3, 17
Suppose -3*o - 4*g + 15 = -4*o, 3*o - 19 = -4*g. Suppose p - 3 = -x - o, -5*x - 3*p = -8. Let k(z) = 19*z**2 - 1. What are the prime factors of k(x)?
2, 3
Suppose -7*m - 114 = -3544. What are the prime factors of m?
2, 5, 7
Suppose 0 = -6*k + 9*k + 54. What are the prime factors of (-117)/k + (-6)/(-4)?
2
Let l(b) = -2*b - 30. Let o be l(-14). What are the prime factors of 15/10 + ((-407)/o - 1)?
2, 3, 17
Let z be ((-2)/(-3))/((-1)/(9/(-6))). Let o(l) = 18*l**2 - l. What are the prime factors of o(z)?
17
Suppose -3164 = -15*v + v. What are the prime factors of v?
2, 113
Suppose 4*i - 5*x + 772 = 4895, 0 = 2*x - 2. Suppose -2*p - 10*p + i = 0. What are the prime factors of p?
2, 43
List the prime factors of (5 - 3)/1*(-2130)/(-20).
3, 71
Let z = -1287 - -3370. What are the prime factors of z?
2083
What are the prime factors of 925/3 + (-184)/138?
307
Suppose -118 = -3*f - z, 2*f + 2*z - 77 = 3*z. What are the prime factors of f?
3, 13
Let a be (-2 - -1)/(21/(-189)). Let b(z) = -8*z**2 - 8 + 1 + a*z + 3*z + 0*z - z**3. List the prime factors of b(-10).
73
Let l(i) = -113*i + 4. What are the prime factors of l(-1)?
3, 13
Let h = 109 - 101. List the prime factors of h.
2
Let b(i) be the second derivative of i**4/4 - 7*i**3/6 - 7*i**2 + 3*i. List the prime factors of b(7).
2, 3, 7
Let b(y) = y**2 - 9*y + 11. Let w be b(8). Let t(a) = 9*a**2 + 9*a - 15. What are the prime factors of t(w)?
3, 31
Let a(m) = m**3 - 4*m**2 + 4*m - 2. Suppose -2*i - 8 = 4*p + 2*i, -2*i = 10. Let l be a(p). List the prime factors of 6/6 - (l + -49).
7
Suppose 1484 = 4*u + 4*m, u - 147 = 4*m + 234. List the prime factors of u.
373
Let o be ((-4)/8)/((-1)/434). Let f = o + -67. Suppose -5*y + f = -2*n, -2*y + 4*n + 150 = 3*y. List the prime factors of y.
2, 3, 5
Suppose -764 = -4*r + 4*p - 44, 0 = -2*r - 3*p + 360. What are the prime factors of r?
2, 3, 5
Let j(a) = 2*a - 5. Let d be j(5). Suppose c = 3*w + 22, -c + d*w = -0*w - 28. List the prime factors of c.
13
Let s = -1 + -25. Let p = s - -108. What are the prime factors of p?
2, 41
Suppose -u = -4*u + 6. Suppose 0 = 5*n - 5*x - 100, -n + 0*x = -3*x - 18. Let y = n - u. List the prime factors of y.
19
Let b = 530 + -195. List the prime factors of b.
5, 67
Suppose -z = 2*p - 3*p - 954, 0 = -2*p - 2. What are the prime factors of z?
953
Let y(i) = -5*i - 7. Let h = 12 + -15. Let a be y(h). Suppose x = -x + a. What are the prime factors of x?
2
Let t = 6722 + -4687. List the prime factors of t.
5, 11, 37
Let f(i) = 32*i**2 - 7*i + 10*i + 8 - 6. List the prime factors of f(-2).
2, 31
Let v(g) = -g**2 - 8*g - 2. Let l be v(12). Let i = -146 - l. Suppose -d - h + 34 = h, 3*d = -3*h + i. List the prime factors of d.
2, 3, 5
Suppose 42*o - 58146 = 9*o. List the prime factors of o.
2, 881
Let w(r) = r**2 - 15*r + 170. What are the prime factors of w(-38)?
2, 3, 7, 13
Suppose 2*y = t + 14, -4*y + 30 = 2*t - 5*t. What are the prime factors of (-1*31)/((-6)/y)?
31
Let o = -473 + 3562. List the prime factors of o.
3089
List the prime factors of 25328/88 - (24/(-11) + 2).
2, 3
What are the prime factors of (4/3)/((-5)/(-15)) + 138?
2, 71
Let a(u) = u - 15. Let t be a(14). List the prime factors of 72 - t - (4 - 2).
71
Let u(c) = -c**3 + 16*c**2 + 15*c + 34. Let l be u(17). List the prime factors of l + (-232)/(-10)*15/2.
2, 3, 29
Suppose 3*f + f + n - 4 = 0, 5*n = 4*f + 20. Suppose 2*b = j - f*j + 12, -4*j = b + 48. List the prime factors of (-20)/(-6) + j/(-18).
2
Suppose 9*p - 7626 = 465. What are the prime factors of p?
29, 31
Suppose 0*g + 3*g = -13842. What are the prime factors of g/(-27) - (-3)/27?
3, 19
Suppose 2*q + x = -q + 2724, -2*q = -3*x - 1816. What are the prime factors of q?
2, 227
Suppose -69042 - 8124 = -54*r. List the prime factors of r.
1429
List the prime factors of -1 + (-2307)/(-6) + 3/2.
5, 7, 11
Suppose 2840 = 3*j + 5*j. Suppose -2*t - j = -5*i, -3*i + 0*t = 5*t - 18